. List the prime factors of t(c).
2, 3, 7
Let g(u) = -u + 16. Let j be g(11). Suppose -2*d = j*w - 120, -5*d + 58 = 3*w - d. List the prime factors of w.
2, 13
Let b(r) = r**3 + 2*r**2 - 3. Let t be b(-3). Suppose 0 = 3*c + 2*c - 105. Let v = t + c. List the prime factors of v.
3
Suppose -305 = -3*v - n, 174 = 2*v - 4*n - 6. Let q be (-29)/(-5) + (-1)/(-5). Suppose 0 = i - q*i + v. What are the prime factors of i?
2, 5
Let s(d) = d + 17. Let u be s(-12). Suppose b + u*v = 8, -b + v = -3*v - 53. Suppose -4*k = -4*x - 0*k + 48, -3*x + 4*k = -b. What are the prime factors of x?
3, 5
Let z(s) = -s**2 + 9*s + 7. Suppose 2*h - 14 - 5 = y, 5*h - 5*y = 60. List the prime factors of z(h).
3, 7
Let l(x) = -2*x**3 - 3*x**2 - x - 2. Let q be l(-2). Let u = -114 + 174. Suppose -q*j - j = -u. What are the prime factors of j?
2, 3
Let i = -3 - 16. Let g = i + 10. What are the prime factors of (-96)/g + (-2)/3?
2, 5
Suppose -2*c + 525 = 3*c. What are the prime factors of c?
3, 5, 7
List the prime factors of (10/(-15))/((-4)/186).
31
Let d(p) = 9*p - 27. What are the prime factors of d(11)?
2, 3
Let y = -169 - -296. List the prime factors of y.
127
Suppose -5*t - 4 = 6. List the prime factors of ((0 + -48)/3)/t.
2
Let s(r) = -2*r**3 + r + 2*r**2 - 4*r**3 + r**3. List the prime factors of s(-1).
2, 3
Let d be ((-52)/(-2))/(6/27). Suppose 144 = -0*p + 4*p + 2*m, 3*p = 3*m + d. Suppose 2*l + i = -0*l + p, i + 3 = 0. List the prime factors of l.
2, 5
Let r(x) = -5*x**3 - 2*x**2 - 2*x - 2. What are the prime factors of r(-2)?
2, 17
Let k(v) = -1. Let b(a) = 3*a**2 + a + 1. Let m(z) = b(z) + 2*k(z). Suppose 4*n = -n + 5. What are the prime factors of m(n)?
3
Let d = -75 + 108. Let z = 6 + -2. Suppose -z*m + m = -d. List the prime factors of m.
11
Suppose 5*i + 12 = 4*k - 0*i, -4*i = 0. Suppose s - k + 0 = 0. What are the prime factors of s?
3
Let b = -13 - -8. Let u = 16 + b. Let k = u + -4. List the prime factors of k.
7
Suppose -2 = -z - z. Let i = -4 + 6. Suppose s - i = z. List the prime factors of s.
3
Suppose 0 = -6*v + 3*v + 39. What are the prime factors of v?
13
Let v(x) = -11*x**3 + 10*x**3 + 14 + 9 - x. List the prime factors of v(0).
23
Let g(j) = j**2 + 2*j - 7. Let p be g(-5). Suppose -2*h + 3*h = 4*i + 4, i - 2*h = -p. Suppose i = -f + 5*f - 56. List the prime factors of f.
2, 7
Suppose 2 = -2*x + 6. Let p(l) = x + 4*l - 3*l + 0*l. List the prime factors of p(3).
5
Let j(z) = 6*z**3 + z**2 - 6*z + 3. What are the prime factors of j(2)?
43
Suppose -j = 5*l - 26, 0 = -2*l + 5 - 3. List the prime factors of j.
3, 7
Let b(u) = u**2 + 11*u - 18. What are the prime factors of b(7)?
2, 3
Let f be (-1)/3*0 - 8. What are the prime factors of f/((-16)/(-4)) - -31?
29
Let a = -15 + 15. Suppose -4*w + 16 = a, -n + 4 = w - 5. List the prime factors of n.
5
Let r be 5/10 + 2/(-4). Suppose 3*k + 21 + 0 = r. What are the prime factors of 44/7 - (-2)/k?
2, 3
Suppose -5*x + 4*c + 12 = 0, -c = x - 0*x - 6. Let u be 49/x + 1/(-4). What are the prime factors of -1*(-1 + u)*-1?
11
Let y(t) = -t + 8. Let k be y(7). Let a be 3*((-80)/6)/(-5). Suppose a = c + k. What are the prime factors of c?
7
What are the prime factors of ((2 + -18)/4)/(-2)?
2
Suppose 0 = -2*m - 3*m + 20. Let f = 6 - m. Suppose y - f*y = -6. What are the prime factors of y?
2, 3
Let c = -21 + 39. Let w = 41 - c. List the prime factors of w.
23
Let c be ((-114)/(-15))/(2/5). Suppose 4*d = j + 2*j - 51, j = 2*d + c. What are the prime factors of j?
13
Let j(u) = -u + 9. Let g(w) = -w + 5. Let s be g(0). Let z be j(s). Suppose 4*c = z*x - 24, -2*c - 3*c = x. What are the prime factors of x?
5
Let p be 1*-1 + 4/(-2). Let b = p + 5. Suppose -v + 2 = b*h - 0, 6 = -3*v. What are the prime factors of h?
2
What are the prime factors of 20/6*(-2 - -8)?
2, 5
Let m(b) = b**3 - 10*b**2 - b + 11. Let p be m(10). Let a be (-24)/(-2*p/2). List the prime factors of (-22)/3*(-36)/a.
11
Suppose 3*u = 3*c - 57, -5*u + 34 = 3*c - 63. Suppose c + 8 = 2*i. What are the prime factors of i?
2
List the prime factors of (2484/115)/((-6)/(-40)).
2, 3
Let v be 3/(-5)*(2 + -97). Let u = -19 + v. What are the prime factors of u?
2, 19
Let g be 4/10 - 169/(-65). What are the prime factors of (3 + 5)*g/2?
2, 3
Suppose 5*i = 2*i. Let z(k) = 5 + 4 + 7*k - 8*k. What are the prime factors of z(i)?
3
Suppose -4*g + 77 = 3*g. List the prime factors of g.
11
Let x(s) = -s**3 + 8*s**2 - s + 10. What are the prime factors of x(6)?
2, 19
Suppose -7*q + 3*q = -4*i, -q = i - 8. Suppose -3*y + p = y - 36, -i*p - 36 = -4*y. List the prime factors of y.
3
Let k = 53 - 26. What are the prime factors of k?
3
Let b be 10/(-25) - (-12)/(-20). Let a = 2 - 4. What are the prime factors of ((-6)/a)/b - -6?
3
Let k(g) = -10*g - 16. What are the prime factors of k(-14)?
2, 31
Suppose -2*x = -0*x - 184. Suppose 0*n + n = -5*u + 36, 5*n - x = -3*u. List the prime factors of n.
2
Suppose -5*b + 54 = 2*l, 4*b - 4*l - 29 = 3. Suppose -3*j = -b - 17. What are the prime factors of j?
3
Let p be ((-4)/(-7 - -3))/(-1). Let i(l) = -11*l + 1. List the prime factors of i(p).
2, 3
Let n(m) = 13*m - 63. List the prime factors of n(11).
2, 5
Let l = -1 + 1. Suppose b + 3*h = -1, 2*b + l*h - 2*h - 38 = 0. List the prime factors of b.
2, 7
List the prime factors of 2 - ((0 - -2) + -147).
3, 7
Suppose -2*k = -5*k - 2*r + 6, -4*r - 2 = -k. Suppose -4 = -2*g + 2. Suppose 4*z - 3*z = k, 0 = 4*n - g*z - 54. List the prime factors of n.
3, 5
Suppose 2*o = 172 + 28. Suppose o = 3*b + x, 0 = 2*x + 2 - 10. List the prime factors of b.
2
Let o be 405/(-18)*4/(-6). What are the prime factors of (24/15)/(2/o)?
2, 3
Let b(x) = -x**2 + 2*x + 62. What are the prime factors of b(0)?
2, 31
Let f(o) be the second derivative of o**4/24 + 17*o**3/6 + 3*o**2/2 + 4*o. Let c(z) be the first derivative of f(z). List the prime factors of c(0).
17
Let t(k) = -k - 6. Let b be t(0). Suppose 0 = -5*p + 4*p + 12. Let v = b + p. List the prime factors of v.
2, 3
Let l(m) = m**3 - 6*m**2 + 6*m. Let f be l(5). Suppose -75 = -n - 4*n. Suppose 0*i = f*i - n. What are the prime factors of i?
3
List the prime factors of 40/(-20) + 88*1.
2, 43
Let q(g) = g. Let w be q(0). Let n = w + 10. What are the prime factors of (-2)/((-4)/n) - -2?
7
Let l be -59 + 1 + 0/2. Let u = 83 + l. List the prime factors of u.
5
Let g = -1 + 0. Let i be (-5)/15 + g/(-3). Suppose i = -3*d + d - 3*x + 9, x + 8 = 3*d. List the prime factors of d.
3
List the prime factors of (-25)/(-2) - (-14)/28.
13
Let r be -3 - (5/(-1) - 0). Suppose -4*z - c = -46, -63 = -5*z - r*c - 2*c. What are the prime factors of z?
11
Let v(p) = p**2 - p + 1. Let l(u) = u**3 + 8*u**2 + u + 11. Let k be l(-8). What are the prime factors of v(k)?
7
Let d(w) = w**2 + 11*w - 11. List the prime factors of d(10).
199
Suppose -3*v - 10 = -5*s, 2*s - 28 + 8 = -2*v. Let i = 5 - v. Suppose i = 5*c + 2*o - 63, 0 = 3*c - 2*o - 14 - 27. List the prime factors of c.
13
Suppose 0 = -2*z - 3 + 83. List the prime factors of z.
2, 5
Let d be (0 + 0/2)/(-1). What are the prime factors of d + 14 - (-2)/(-1)?
2, 3
List the prime factors of -5 + 1 - -1*27.
23
Suppose -464 - 1027 = -7*j. List the prime factors of j.
3, 71
Let a = 2 + 3. Let l = 4 + -2. Suppose -a*g - 4*p + 34 = 0, 2*g - l*p - 24 - 4 = 0. List the prime factors of g.
2, 5
Let b = 405 + -249. What are the prime factors of b?
2, 3, 13
What are the prime factors of (-86)/(-2 + (-28)/(-16))?
2, 43
Let a = -9 + 36. What are the prime factors of -3*6/a*-3?
2
Let a = -771 - -463. Let i be (1 - -1)*(-2)/(-2). What are the prime factors of a/(-24) + i/12?
13
Suppose 2*c = -3*g + 45, 34 + 40 = 3*c - 2*g. List the prime factors of c.
2, 3
Let l = 0 + 6. Let y(w) = w**3 - 7*w**2 + 8*w + 1. List the prime factors of y(l).
13
Let u(b) = b**2 - 5*b - 9. Let k be u(7). Let w = 8 - k. List the prime factors of w.
3
Let h = -6 + 9. Let c(j) = 3*j - 3. What are the prime factors of c(h)?
2, 3
Suppose 5*b + 130 = 7*b. What are the prime factors of b?
5, 13
Let x(y) be the second derivative of -y**5/20 + y**4/2 - 2*y**3/3 - y**2 + 4*y. List the prime factors of x(4).
2, 7
Let g be (-1 + 3)*2/(-2). What are the prime factors of (-26)/(-7) - g/7?
2
Let x = -13 - -4. List the prime factors of -2 - (x + (4 - 2)).
5
Let j be (-1)/(4 - (-108)